/36) is divided by i(p).
1
Calculate the remainder when -2 - -1 - -26 - 2 is divided by (-152)/(-12) - 1/(-3).
10
Calculate the remainder when 28 is divided by -1 + -1 + (1 - -16).
13
Suppose -s = -2*s. Suppose -n + s*n = -12. What is the remainder when 34 is divided by n?
10
Let q be 3*(4 + -7 + 2). Calculate the remainder when (-1 + (-12)/9)*q is divided by 3.
1
Let z be 0*2/(-4)*1. Calculate the remainder when z - 6*(-69)/6 is divided by 18.
15
Let u be (-3)/15 + (-422)/(-10). Suppose 0*v - 2*v + u = 0. Suppose -1 = -4*t + 5*x + 16, 0 = -t - 5*x + 23. Calculate the remainder when v is divided by t.
5
Let x(p) = -2*p**2 - 12*p + 3. What is the remainder when 7 is divided by x(-6)?
1
Let t = -2 + 2. Let p = t - -3. Calculate the remainder when p is divided by -2*(3 - (-9)/(-2)).
0
What is the remainder when 5/2 - (-1)/2 is divided by 1?
0
Let l = 45 - 31. Let q be (-5)/15 - (-25)/3. What is the remainder when l is divided by 2/(q/(-5) + 2)?
4
Let s = 12 - 19. Let r(i) = -4*i + 14. Calculate the remainder when r(s) is divided by 9.
6
Calculate the remainder when 7 is divided by ((-2)/(-3))/((-2)/(-9)).
1
Suppose 34 + 56 = 5*w. What is the remainder when 65 is divided by w?
11
Suppose -2*t + 208 = 2*g, 0 = -3*g - t - 0*t + 306. Calculate the remainder when g is divided by 17.
16
Let n = 2 + -1. Let r(u) = 15*u**2 + 1. Suppose 0 = -2*p - 2*p + 24. Calculate the remainder when r(n) is divided by p.
4
Suppose 0*t + 208 = 4*t. What is the remainder when t is divided by (-6)/(-33)*-1 - 200/(-11)?
16
Suppose 56 = 2*x + 4*c, 5*x = -7*c + 3*c + 152. Calculate the remainder when x is divided by 18.
14
Suppose 55 = y - 2*f, -f = -2*y + y + 56. Calculate the remainder when y is divided by 20.
17
Let r(m) = 150*m**2 + m - 1. Let v be r(1). Suppose -3*o + 91 = -d - 43, 0 = 3*o + 3*d - v. What is the remainder when o is divided by 16?
14
Let j(v) = -2*v + 1 - 2*v + 3 - 2. Calculate the remainder when 55 is divided by j(-3).
13
Suppose w = -4*t + 70, -2*t - 12 - 228 = -5*w. Calculate the remainder when w is divided by 18.
14
Suppose 2*l + 5 = -3. Let z be (-68)/(-18) - l/18. Suppose z*r + 3 = 15. What is the remainder when 5 is divided by r?
2
Let q(x) = -3*x. Let d be q(-1). Suppose 0 = 2*y + 3*v - v - 46, d*y = 5*v + 109. What is the remainder when y is divided by 18/4*(-30)/(-9)?
13
Suppose 15*f - 6*f - 1710 = 0. Calculate the remainder when f is divided by 48.
46
Let m(h) = -5 + 1 + 4*h - 8*h - 2. Calculate the remainder when 9 is divided by m(-3).
3
Suppose 3*y - 2 = 2*y. Calculate the remainder when ((-5)/(-2) - y)*76 is divided by 10.
8
Suppose -11 = -q + 14. Calculate the remainder when q is divided by 14.
11
Let p(r) = r**2 - r + 12. Let k be p(0). What is the remainder when 27 is divided by ((-21)/9)/((-2)/k)?
13
Suppose j + 9 - 50 = 0. Calculate the remainder when 122 is divided by j.
40
Let x(f) = 2*f**2 + 0*f + f**3 - 4 - 6*f + f**2 + 0*f. What is the remainder when 11 is divided by x(-4)?
3
Let s = -104 - -169. Suppose 0 = -8*o + 3*o + s. What is the remainder when o is divided by (0 - 2)*24/(-6)?
5
Suppose -6 - 3 = -3*c. Let l = 8 - c. What is the remainder when l is divided by 3?
2
Suppose 3*y - 4*y = -3*f - 6, 2*f = 5*y - 30. Suppose -2*r - r = y, 0 = -3*m - 3*r + 87. What is the remainder when m is divided by 16?
15
What is the remainder when 67 is divided by (0 - 36)/(6/(-3))?
13
Suppose 2*b + 0*b = 54. Calculate the remainder when 104 is divided by b.
23
Let m = 116 - 94. Let p be -8 + 2 + (1 - 1). Let a = p - -18. What is the remainder when m is divided by a?
10
Let c = -164 + 174. What is the remainder when 29 is divided by c?
9
Suppose 3*b - 7*b = -80. Let a = b + 10. What is the remainder when 23 is divided by (-5 - 0)*(-48)/a?
7
Let p(o) = -2*o**2 - 40*o - 34. Let s(r) = r**3 - 2*r**2 + 4*r - 1. What is the remainder when p(-18) is divided by s(3)?
18
Let s(w) = 10*w**3 - 10*w**3 - 13*w**3 - 9*w**3. Suppose -3*j - 4*k + 56 = 0, j - k + 65 = 6*j. What is the remainder when s(-1) is divided by j?
10
Let s be (-3 - -4)/((-2)/4). Let g(p) = -11*p - 1. Suppose 7 + 4 = v. Calculate the remainder when g(s) is divided by v.
10
Suppose 2*a - 6 = a. Let t = a - 4. Calculate the remainder when 6 is divided by t.
0
Let l be -2 - -4 - (10 - 1). Let a = l - -10. What is the remainder when (-2)/5 - 22/(-5) is divided by a?
1
Suppose 53 + 1 = 3*b. What is the remainder when 51 is divided by b?
15
Suppose f = 4*f - 54. Calculate the remainder when 51 is divided by f.
15
Suppose 5*z + 4*f - 238 = 154, 0 = z - 5*f - 61. Calculate the remainder when z is divided by 26.
24
Let c = -48 + 54. Calculate the remainder when 33 is divided by c.
3
Let h be 2 + (3 - (-3)/3). Let a be (-4)/h*(-108)/6. Suppose -a = -4*x + 36. Calculate the remainder when 23 is divided by x.
11
Suppose 0 = -c + 1. Suppose 0 = -5*f + 7 + 8. Suppose -l + 5 - f = 0. What is the remainder when l is divided by c?
0
Suppose 3*j = -4*t + 4*j - 3, t - 5*j + 15 = 0. Suppose t = -6*c + 25 + 35. What is the remainder when c is divided by 3?
1
Suppose 3*x - 69 = -2*k, 86 = 4*x - 3*k - 23. What is the remainder when 47 is divided by x?
22
Suppose -3*h + 12 = -6. Let t(x) = x**3 - 10*x**2 + 11*x - 7. What is the remainder when t(9) is divided by h?
5
Let i = 14 - 6. Calculate the remainder when 47 is divided by i.
7
Suppose 4*b - 3*s = 27, 0 = 5*b - 2*s - 0*s - 32. Calculate the remainder when b is divided by 3.
0
Suppose 9*o = 8*o + 4. What is the remainder when 22 is divided by o?
2
Suppose 189 = 4*w - 2*f - 1, -113 = -2*w - 5*f. Calculate the remainder when w is divided by 13.
10
Let v = -9 + 15. Suppose 9 = v*u - 3. What is the remainder when 6 is divided by u?
0
Let k(l) = 15*l**2 + 2*l - 2. Let x = 11 + -5. What is the remainder when k(1) is divided by x?
3
Let s(u) = 9*u**2 - u. Let k be 80/(-24) - (-1)/3. Calculate the remainder when s(1) is divided by k/(-2)*(1 - -1).
2
Suppose 3*g - 3*n = -2*n + 96, 2*g - 2*n - 68 = 0. Calculate the remainder when g is divided by 8.
7
Let k(u) = u - 5. Let v be k(-7). Let i = 47 + v. What is the remainder when i is divided by 9?
8
Suppose -33*w = -32*w - 16. What is the remainder when 60 is divided by w?
12
Suppose -2 = -c + 3. What is the remainder when 8 is divided by c?
3
Let c(u) be the second derivative of 11*u**3/6 + 5*u**2/2 - 8*u. Calculate the remainder when c(4) is divided by 17.
15
Let u(i) = -2*i + 1. Suppose -f - 2*l = -2*f + 16, -2*f = -2*l - 36. What is the remainder when (17/(-2))/((-10)/f) is divided by u(-2)?
2
Suppose 0*i - 3*i + 60 = 0. Calculate the remainder when i is divided by 6.
2
Let f(w) = 12*w**2 + 1 + w + 7*w**2 + 9*w**2. Let z be f(2). Let l = z + -53. What is the remainder when l is divided by 16?
14
Suppose 70*v - 95 = 65*v. What is the remainder when 75 is divided by v?
18
Suppose 0 = -2*m - 2 + 20. Calculate the remainder when 12 is divided by m.
3
Let k = -4 - -10. Let v(y) = 2*y**2 - 9*y + 1. What is the remainder when v(k) is divided by 19/3 - 10/(-15)?
5
Suppose -5*t = 2*d - 15, -t - 2*d - 20 = -3*t. Suppose t*v = -3*i + 13 + 1, -i - 3*v = 2. What is the remainder when 37 is divided by i?
11
What is the remainder when (-250)/(-4) - (-1)/2 is divided by 13?
11
Let t be 2/7 + (-52)/(-14). Suppose -124 = -t*j + 3*z, 2*j + 0*z - 64 = 2*z. What is the remainder when j is divided by 10?
8
Let b = 64 + -44. What is the remainder when 36 is divided by b?
16
Let r(u) = 3*u**2 - 7*u + 3. Let l(f) = -f**3 - 10*f**2 - 9*f + 6. Let p be l(-9). Calculate the remainder when r(p) is divided by 18.
15
Suppose 0 = 3*i - 12, h - 3*i - 12 - 34 = 0. What is the remainder when h is divided by 16 + (0/1 - 1)?
13
Let x = -13 + 33. Suppose 4*i - x = -0*i. Suppose i*m - 2*m = 21. Calculate the remainder when 19 is divided by m.
5
Calculate the remainder when 29 is divided by ((-16)/(-20))/(1/20).
13
Let g = -3 + -9. Let v(a) = -a**3 - 11*a**2 + 12*a + 14. Calculate the remainder when 27 is divided by v(g).
13
Let r = -26 + 47. Calculate the remainder when 2/4 - 316/(-8) is divided by r.
19
Suppose -4*v + 76 = -60. Suppose -20 = -2*j + v. Calculate the remainder when j is divided by 7.
6
Suppose 3*d + 9 = 90. Let n = -15 + d. What is the remainder when 34 is divided by n?
10
Let a(n) = 5*n**2 + 3*n + 2. Let v(l) = -4*l - 3. Calculate the